 Let j(x) = -7*x**2 + 23*x + 30. Let a(p) = 10*p**2 - 34*p - 45. Let y(s) = 5*a(s) + 7*j(s). Give y(l).
7
Let i be ((-4)/(-14))/((-4)/14). Let p(h) = -h**3 - h**2 + h + 2. Determine p(i).
1
Let a(l) be the second derivative of -9*l + 1/2*l**3 + 0 - 3*l**2. Let y(p) = p + 15. Let v be y(-9). What is a(v)?
12
Let q(g) = -47*g**3 - 2*g**2 + 4*g - 5. Let v(w) = -71*w**3 - 3*w**2 + 5*w - 7. Let u(n) = 4*q(n) - 3*v(n). Give u(-1).
-24
Let g(b) = -b**2 + 5*b - 11. Suppose 359*c + 360*c - 24 = 715*c. Calculate g(c).
-17
Let m(g) = 10*g + 11*g - g + 2. Let d(c) = 30*c + 3. Let l = 50 + -55. Let q(o) = l*d(o) + 8*m(o). What is q(1)?
11
Let o(a) = -a + 7. Suppose -2*y = -3*p - 918, 5*y = 8*y + 5*p - 1396. Let j = 473 - y. Calculate o(j).
-4
Let o(k) = k**2 + k - 3. Let z(d) be the first derivative of d**3/3 - 3*d**2/2 + d - 2. Let l be z(4). Suppose -h + m = -m, 0 = 2*h - l*m. Give o(h).
-3
Suppose -5*c + 73 = 2*x, -41 + 1 = -4*c + 3*x. Suppose -c*q + 14 = q. Let b(s) = -28*s**3 + 2*s**2 - s. Determine b(q).
-27
Suppose 0 = 98*a + 94 + 396. Let w(o) = -o + 7. Determine w(a).
12
Let b(v) = 3*v + 6. Let m = 178 - 169. Suppose 0 = -2*w - z - 5, -m*z + 14*z = 3*w + 14. Give b(w).
-3
Let w = 2532 - 2541. Let d(v) = -2*v**3 - 19*v**2 - 11*v - 19. Calculate d(w).
-1
Let b(h) = -5*h**2 + 236*h + 7. Let v(f) = -6*f**2 + 297*f + 8. Let a(z) = -5*b(z) + 4*v(z). Let j = 29 - 38. Calculate a(j).
6
Let u(m) = -22 - 14128*m + 28254*m - 14124*m. Give u(-7).
-36
Suppose 4*i - 3*f - 31 = -10, 4*f + 21 = 3*i. Suppose 9*u = 4*u + 30. Let b(r) = i*r**2 - 4 - 2*r**2 - 4*r + u - r. Give b(5).
2
Let c(o) = -3*o**2 - 21*o - 7. Let s(a) = 7*a**2 + 44*a + 15. Let q(r) = 9*c(r) + 4*s(r). What is q(16)?
45
Let v(c) be the second derivative of -2*c**2 + 0*c**3 - 65*c - 1/12*c**4 + 0. What is v(-3)?
-13
Let o(h) = 49*h**2 + 543*h + 41. Let y be o(-11). Let a(k) = 2*k - 1 - 5*k**2 - 4 + 6 - k. Calculate a(y).
-47
Suppose -4 = 80*w - 82*w. Let b(n) = 2*n - 22*n + 5*n**w + 19*n. Give b(1).
4
Let b(l) = -5*l - 31. Let m be b(-6). Let r be (10/(-3))/(-5)*6*m. Let k(t) = -2*t**2 - 4*t + 4. Determine k(r).
-12
Let v(h) = -2*h**2 + 27*h - 23. Let c(a) = a**3 - 5*a**2 + a + 13. Let y be c(0). Give v(y).
-10
Let v = -32881 - -32887. Let b(w) = 2*w**3 - 13*w**2 + 5*w - 3. What is b(v)?
-9
Suppose -252*g + 260*g = 72. Let r(d) be the second derivative of 0 - 6*d**2 + 3*d + 1/6*d**3 + 1/20*d**5 - 3/4*d**4. What is r(g)?
-3
Let c(y) = y**3 + 10*y**2 + 14*y + 12. Suppose 17*m - 30 + 200 = 0. Give c(m).
-128
Let r(z) = z**3 + 6*z**2 + 4*z + 2. Suppose -85 = -3*g + 2*y + 3*y, -32 = -g - 2*y. Suppose 2*h - g = 15*w - 10*w, -5*w = 3*h + 30. Give r(w).
-22
Let a(n) = -16715*n**2 - n + 8377*n**2 + 8345*n**2 - 16. What is a(4)?
92
Let i(w) = w**2 - 4*w - 8. Let m be i(6). Let y(x) be the first derivative of 4/3*x**3 - x - 97 + 2*x**2 - 1/4*x**4. Give y(m).
15
Let q be ((-3)/(-6))/((-10)/(-60)). Let z(v) = -v**3 - 3*v**2 - 2*v + 4. Determine z(q).
-56
Let k(y) = y**2 - 5*y + 7. Let u = -631 + 613. Let m = 45 - 22. Let r = m + u. What is k(r)?
7
Let x(h) be the third derivative of h**6/120 - h**5/12 - h**4/24 - 2*h**3/3 - 2*h**2. Suppose 15*k - 42 - 85 + 52 = 0. What is x(k)?
-9
Let f = 9998 - 9994. Let o(n) be the second derivative of -26*n + n**3 + 0 + 1/12*n**f + 1/2*n**2. Calculate o(-4).
-7
Let s(d) = 3*d - 62. Let g(f) = 9*f - 168. Let b(q) = 3*g(q) - 8*s(q). Calculate b(5).
7
Let u(m) = -m + 1. Let w be u(-2). Let d(s) = 38 + 10*s - 39 - w*s. Calculate d(1).
6
Suppose -3*h - 300 = -4*x + x, -2*h - 295 = -3*x. Let y = x + -96. Let n(v) = -4*v**3 - v**2 - v - 1. Calculate n(y).
3
Let j(s) = -30 + 88*s - 281*s + 101*s + 80*s. Calculate j(-9).
78
Let q(p) = 2*p**2 - 32*p + 34. Suppose 4*j - 29 = -3*f, 5*j = -4*f + 47 - 7. What is q(f)?
4
Let d = 7069 + -7069. Let i(n) = -n**3 + 3*n**2 + 10*n + 11. What is i(d)?
11
Let f(d) = -14*d + 75. Let x be (-1)/((-15 + -4)/133). Calculate f(x).
-23
Let o(p) be the third derivative of -p**5/60 - 17*p**4/24 - 37*p**3/6 - 2*p**2 - p - 685. What is o(-10)?
33
Let g(s) = -33*s + 168. Let w be g(5). Let u(q) = 2 + 2 + q - 3 + w. Let r = 6 + -15. Give u(r).
-5
Let z(y) = -2*y**2 + 23*y - 7. Let w be z(9). Let x = w - 28. Let p(a) = -8*a + 0*a + 1 + x*a. Calculate p(-1).
-1
Let y = 19142 - 19135. Let x(m) be the second derivative of m**5/20 - 2*m**4/3 + 4*m**3/3 + 4*m**2 + 2*m. Determine x(y).
15
Let h(t) = t**3 + 7*t**2 - 10*t**2 - 15*t + 11*t. Let l be (9/6*8/3)/1. Give h(l).
0
Let h(w) = -137*w + 12. Let q(f) = -50*f + 4. Let g(o) = 4*h(o) - 11*q(o). Suppose -3*c - 25 = -7. Give g(c).
-8
Let o(n) = 9*n**3 - 44*n**2 - 8*n - 4. Suppose 4*h - 1 = -5*z, -24*z + 3*h + 8 = -26*z. Give o(z).
-19
Let z = 6184 + -6202. Let v(a) = -4*a - 82. Calculate v(z).
-10
Let a(c) = 10*c - 69. Let j be a(7). Let n(v) be the third derivative of v**4/12 - 7*v**3/6 + 5*v**2. Let z(o) = -1. Let f(u) = j*n(u) - 5*z(u). Calculate f(5).
8
Let q(w) be the second derivative of -w**4/3 + 7*w**3/6 - w**2/2 - 71*w. Let y(o) = 5*o**2 - 7*o. Let g(z) = 4*q(z) + 3*y(z). Calculate g(4).
8
Let y(o) be the second derivative of -o**7/840 - o**6/60 + o**5/15 + 11*o**3/3 + o + 4. Let m(s) be the second derivative of y(s). Give m(-7).
-7
Suppose 4*z - w + 2 = 0, -w + 0 = -2. Suppose z = -2*m + 6*m - 28. Let k(q) = 8*q + 4 + 0 - m*q - 6. Give k(8).
6
Let a = -4765 - -4767. Let o(g) be the first derivative of -4*g**a - 24 - 6*g + 1/3*g**3. Determine o(8).
-6
Let m(a) = 12*a + 2. Let k(p) = -p**2 + 24*p + 4. Let u(l) = 4*k(l) - 9*m(l). Let q(r) = -3*r**2 - 11*r - 1. Let n(h) = 3*q(h) - 2*u(h). What is n(-10)?
-9
Let j = -3 + 7. Let c be -2 - (-58)/6 - 2/3. Let d(s) = -3*s**2 - s + 4 - 4*s**2 - s**2 + c*s**2. Determine d(j).
-16
Suppose 20*m + 82 = -25*m + 4*m. Let w(r) = r**3 + 5*r**2 + 6*r + 2. Calculate w(m).
2
Let u(b) = 3*b**2 - 3*b. Let s(z) = -z**2 + z. Let d(q) = 14*s(q) + 4*u(q). Let r(k) = 2*k**2 + 2*k - 13. Let m be r(-4). Suppose -m + 17 = 3*n. What is d(n)?
-4
Suppose 0 = 24*h - 20 - 28. Let t be ((-32)/64)/(h/(-4)) - 0. Let k(z) = 7*z**3 + 2*z**2 - 1. Determine k(t).
8
Suppose -4 = -f, x - f - 64 = -2. Suppose -325 = -5*m - 3*b, -m = -4*m - 2*b + 195. Let s = m - x. Let q(z) = -23*z**2. Determine q(s).
-23
Let c(h) = -h**2 - 2*h - 7 + 8*h + 2. Let v(y) = -10*y**2 - 247*y + 82. Let s be v(-25). Give c(s).
-12
Let u(d) = d**2 + 3*d + 5. Let g be u(-2). Let h(f) = -f - 5. Let j be (-1 + 4 - (-5 - -7)) + 0. Let o(i) = i + 1. Let k(s) = j*h(s) + 2*o(s). Give k(g).
0
Let q(g) = -g**2 + 9*g + 1. Let u(w) = -w + w**2 - 2*w**2 + 2 + 11*w. Let l(s) = 4*q(s) - 3*u(s). Let h(v) = v**2 - 466*v - 1876. Let c be h(-4). What is l(c)?
6
Let u(i) = i - 20. Let q(r) = -14*r + 168. Suppose -16*v + 116 + 60 = 0. Let f be q(v). What is u(f)?
-6
Let i(q) = -q**2 + 3*q + 5. Let v = -94 + 72. Let n = 62 + -36. Let f = v + n. Give i(f).
1
Suppose -2*j + 5*i - 17 = 2, 2*j + 3*i - 21 = 0. Let l(k) be the first derivative of k**3/3 - 5*k**2/2 - k - 2507. Determine l(j).
-7
Let f(r) = 5*r**2 - 11*r. Let w be ((-5)/(-6))/(20*1/120). What is f(w)?
70
Let a(z) = -3*z**2 - 2*z + 8. Let r(j) = -j + 2. Let m(f) = -a(f) + 3*r(f). Calculate m(3).
22
Let o(y) = -y**3 + 5*y**2 - 3*y + 1. Let r(f) = -5*f + 2*f - f - 4 + 7*f. Let c be r(3). Let w be (-1 - -1)/c - -3. Calculate o(w).
10
Let i(d) = -d**2 + 21*d - 6. Let g be i(21). Let n = g + 5. Let a(o) = 10 + 10*o + 14*o + 5 - 14. What is a(n)?
-23
Let t(r) = -6398 + 6411 + 0*r + r. Give t(4).
17
Let f = 2005 + -2041. Let b(g) = -g - 32. Give b(f).
4
Let a be 280/45 + 54/(-243). Let q(c) = 5*c - 34. Calculate q(a).
-4
Suppose 0*p + d + 11 = 2*p, -3*p + 5*d = -27. Let j(a) = -p*a**2 + 4 + 7*a + 0 + 3*a**2. Let z(c) = -17*c**2 + 73*c - 13. Let k be z(4). Give j(k).
4
Let w(j) = 1 - 4 + 7 + j - 1. Let p = -1681 - -1692. Give w(p).
14
Let m(t) = 2*t + 1. Suppose 0 = -3*v + 9*v - 138. Suppose k - 5*j - 15 = 6*k, -5*k = 3*j + v. Calculate m(k).
-13
Let p(o) = -2*o**3 + 5*o**2 + 2*o + 2. Let m be (68/(-102))/(5/(-30)). What is p(m)?
-38
Let f = -859 + 851. Let w(j) = -2*j**2 - 22*j - 32. Calculate w(f).
16
Let f(n) be the third derivative of n**6/120 - n**5/2 + n**4/24 - 17*n**3/6 - 18*n**2 - 1. Calculate f(30).
13
Let q(r) = 5*r**2 + 11*r + 21. Let t(m) = m**2 + 2*m + 4. Let d(y) = -2*q(y) + 11